 s(b)?
4
What is the units digit of 388/(-97) + 0 + 8831?
7
Let w be (2/((-4)/(-5)))/(9/(-18)). Let o = w - -168. What is the hundreds digit of o?
1
Let h = 277 + -151. Let i = h + -116. Suppose -i*k = 171 - 2401. What is the tens digit of k?
2
What is the ten thousands digit of (17 + -9 + -6)/(2/26661) + -3?
2
Suppose -86*n + 15855 = 19*n. What is the units digit of n?
1
Suppose 1805*c = 1815*c - 27290. What is the units digit of c?
9
Let v(l) = -6*l + 31. Let a be v(8). What is the hundreds digit of 411/2*a/(357/(-14))?
1
Let q(d) = -2*d - 11. Let p be q(-7). Let h be (p - 3)/(6 - 7). Suppose h = -i - 11 + 29. What is the tens digit of i?
1
Let t = 10186 - 263. What is the hundreds digit of t?
9
Let t = 12704 - 6524. What is the hundreds digit of t?
1
Suppose -m - 5*p - 9 = 0, -4*m - 2*p - 82 = -5*p. What is the hundreds digit of m/(-38)*(0 - 0) + 242?
2
Let p(i) = i**3 + 21*i**2 - 20*i + 38. Let r be p(-22). Let y = r + 20. What is the units digit of y?
4
Let f = 66 + -66. Suppose f = w - 216 + 45. What is the hundreds digit of w?
1
Let l be (125/45 - 3)*3*84. What is the units digit of (308/l)/(1/(-4))?
2
Let p(k) = 2*k**2 + 33*k - 347. What is the units digit of p(36)?
3
Let d(f) = -f**3 - 9*f**2 - 15*f - 14. Let s be d(-5). Let n = 19 + s. Let r(h) = -4*h - 48. What is the tens digit of r(n)?
3
Let f(k) = k**3 - 16*k**2 + 18*k + 12. Suppose 66 = -11*m + 9*m. Let s be (-1 - -6)/((-11)/m). What is the tens digit of f(s)?
5
Suppose -12*q = -18*q - 12. Let x be ((-1 - 1) + 1)*q. Suppose -39 = -x*s + 81. What is the units digit of s?
0
Suppose 9*x - 5*p + 249810 = 14*x, 2*p = -4*x + 199856. What is the tens digit of x?
6
Suppose 14*c = -17*c + 33*c - 2742. What is the thousands digit of c?
1
Let q = 92 + -30. Let a = -68 + q. What is the hundreds digit of (159 + a)/(4/((-8)/(-3)))?
1
Suppose -240136 = -22*m - 4890. What is the thousands digit of m?
0
Suppose 11 = 4*w - 5*x + 20, 7 = -3*w + 4*x. What is the tens digit of ((-376)/(-10))/(w - 21/(-15))?
9
What is the thousands digit of 30/(-255) + 4669412/187?
4
Let a(h) = 13*h**2 + h - 4. Let g = -4 + 6. Let j be a(g). What is the units digit of -77*(-12)/(-10)*j/(-70)?
6
What is the units digit of -4 + 14 + -12 - -8264?
2
Suppose -7*z + 74 = -17. Suppose -z*c + 5636 + 32 = 0. What is the tens digit of c?
3
Let j = -10675 + 21155. What is the ten thousands digit of j?
1
Let p = 3737 - -873. What is the thousands digit of p?
4
Suppose 113*b - 19145 - 521506 - 352614 = 0. What is the hundreds digit of b?
9
Let t = 1110 - 478. Suppose 8*s - 4*b = 4*s + 632, -4*s + t = -3*b. What is the tens digit of s?
5
Let y(g) = 2*g - 34. Let i be y(16). Let j be ((0 - i) + -4)/((-4)/6). Suppose -j*z = -2*z - n - 132, 0 = -5*z - 5*n + 670. What is the units digit of z?
3
Let n(a) = -6*a**2 + 90*a + 407. Let c be n(19). Let y = -1 + 1. What is the units digit of y - -35 - -14*14/c?
1
Let f(j) = 584*j**2 + 9*j - 1. Let w be f(-1). Suppose w = -17*n + 3464. What is the hundreds digit of n?
1
Let g be ((-18)/12)/((-3)/(-40)). Let c = 2198 + -2188. What is the tens digit of (-12)/c*50/g + 103?
0
Suppose 0 = 128*m - 2605811 + 585552 - 3555549. What is the hundreds digit of m?
5
Let a = -25 + 31. Let m(k) = k**2 + k - 1. Let u(h) = -6*h**2 - 5*h - 7. Let d(s) = -5*m(s) - u(s). What is the units digit of d(a)?
8
What is the thousands digit of (-5 + -133 + -3)*(-144 - -11)?
8
Let r = 14082 + -11329. What is the hundreds digit of r?
7
Let t be 225/(-18)*(-48)/10. Suppose -r = -7*r + t. What is the tens digit of ((-14)/(-5))/(1/r)?
2
Suppose -119*j + 24 = -122*j. What is the tens digit of (-5455)/(-10) + 4/j?
4
Suppose c = -312 + 1667. Let h = -809 + c. What is the hundreds digit of h?
5
Let l = 323 - 148. Suppose 4*d - 2*q = 16, 24 = 4*d - 2*q - 2*q. Suppose -d*w = 5*h - 0*w - l, 5*h + 5*w = 175. What is the units digit of h?
5
Let z(p) = p**3 + 10*p**2 - p + 13. Let f be z(-10). Suppose -15 = -5*c, -5*i - f*c + 19*c = -752. What is the hundreds digit of i?
1
Suppose -16 = -2*t + t. Let b = t - 3. Suppose 229 - b = 3*l. What is the tens digit of l?
7
Let x be (-16)/(-80) + (-148)/(-10). What is the units digit of (-3)/2*(0 - 2630/x)?
3
Let a be -5*5/(-75)*-201. Let q = 70 + a. Suppose 0 = 5*z + 4*h - 248, -q*h = 2*z - 3*z + 42. What is the units digit of z?
8
Let y(z) = -6*z**3 - 11*z**2 + 19*z + 359. What is the thousands digit of y(-11)?
6
Suppose 4*c = -31*c + 43328 + 18167. What is the units digit of c?
7
Suppose -8*o + 18 = 3*t - 4*o, 0 = -3*o. Suppose 0*u = -t*u + 1680. What is the tens digit of u?
8
Let u = -867 + 334. Let z = u + 905. What is the tens digit of z?
7
Let h(q) = 30 + 9*q - 12 - 12 - 22 - q**2. Let s be h(9). What is the units digit of (-4)/(s/767) - (-5)/20?
2
Let h = 44097 - 17726. What is the ten thousands digit of h?
2
Suppose 2*s + 4*p = -20, 9*s - 3*p - 6 = 6*s. Let m(i) = -244*i - 14. What is the units digit of m(s)?
4
Suppose -a + 4*t = -26, 0 = -2*a - 3*a + 4*t + 50. What is the units digit of (-8 - 25)*(2 - (a + -3))?
3
Let u(x) = x**3 + 6*x**2 + x + 3. Let w be u(-6). Let i(h) be the first derivative of 10*h**3/3 + h**2 + 12*h - 852. What is the units digit of i(w)?
6
Suppose -2447 = -23*k + 5833. Suppose -2*i + 710 = -2*o, -6*i + 5*i + k = -2*o. What is the tens digit of i?
5
Let i(m) = m**3 - 6*m**2 + 6*m - 3. Let w be i(5). Suppose y + 5 = -5*z, -6*z + 5*y - 4 = -w*z. What is the units digit of ((-1374)/4)/3*2/z?
9
What is the units digit of 79/(6/74*1*3/18)?
6
Let o(r) = -r**3 + 9*r**2 + 6*r - 8. Let w be o(10). Let x be ((-314)/8)/(4/(w/(-3))). Let g = x - -258. What is the hundreds digit of g?
1
Suppose -2*d + 3*n = -5*d + 3861, -3*d + 2*n + 3886 = 0. Suppose -2*k - v + d = 3*v, -1908 = -3*k + 4*v. What is the hundreds digit of k?
6
Suppose -72137 = -3*a + 4*l, -117*l - 120210 = -5*a - 114*l. What is the thousands digit of a?
4
Let o(d) = 3*d**2 - 2*d + 6. Let v be o(2). Suppose -3*i = c - 369, 3*i = v*c - 16*c + 753. What is the hundreds digit of c?
3
Let z = 7042 + -725. What is the thousands digit of z?
6
Let m(x) = x**2 - 15*x + 1. Let q be m(14). Let f(w) = -w**3 - 6*w**2 + 70*w + 17. What is the hundreds digit of f(q)?
2
Let c(a) = 61*a**2 + 5*a + 3. Let o(t) = t**2 + 12*t + 24. Let u be o(-9). What is the units digit of c(u)?
7
Let h = 15010 + -7151. What is the thousands digit of h?
7
Let b(i) = -i**3 + 19*i**2 - 6*i - 9. Let s be b(19). Let h = s + 125. Suppose 4*u - 116 = -2*x, 0*u + 2*u - h*x - 64 = 0. What is the tens digit of u?
3
Let s = 101 + -114. Let y be 2/14 - (-80)/(-70). What is the units digit of -9*(s + -1) - y?
7
Let x(b) be the first derivative of -19*b**3/6 - 12*b**2 + 12*b - 17. Let p(v) be the first derivative of x(v). What is the hundreds digit of p(-7)?
1
Let h be (-36)/378 - 130/(-42). Suppose 10 = h*x - 5. Suppose -5*i + x*w + 830 = 0, -2*i + 6*i + 3*w = 657. What is the tens digit of i?
6
Suppose 65*v - 454896 = 50*v - 102*v. What is the thousands digit of v?
3
Suppose -1207 = p - 5*g, 2*p = 3*g - 1143 - 1306. Let u(j) = -j + 15. Let d be u(7). What is the units digit of d/(-36) - p/36?
4
Let d = -102984 - -144313. What is the tens digit of d?
2
Let b = 156 + -52. Let x = 166 - b. What is the tens digit of x?
6
Let v(q) = -q**2 - 14*q - 18. Let i be v(-10). Let w = 18 + i. What is the tens digit of (6/5)/(2/w)?
2
Let z = -10 + 16. Suppose -d = -3*w - 19, -2*d - 5*w + 17 = -8*w. What is the units digit of (d/z)/(1/(-534)) + -4?
4
Suppose -537*h + 4*d = -534*h - 60906, -4*d - 40612 = -2*h. What is the thousands digit of h?
0
Let m(n) = 50971*n**2 - 2416*n + 2416. What is the thousands digit of m(1)?
0
Let m(k) = -k**3 + 52*k**2 + 1274*k + 36. What is the units digit of m(69)?
5
Suppose 0 = 3*x + 19*x - 550. Suppose 21529 = 24*v + x. What is the units digit of v?
6
Let s(q) be the second derivative of q**5/20 + q**4/4 - 11*q**3/6 + 3*q**2/2 + 3*q + 5. What is the hundreds digit of s(6)?
2
Suppose 2990447 = 169*r + 259576. What is the hundreds digit of r?
1
Let g be 212/16 + (-2)/8 + 1. Let m(u) = u**3 - 15*u**2 + 15*u - 12. Let x be m(g). Let i(n) = 23*n - 4. What is the units digit of i(x)?
2
Suppose -292*i = -133*i - 136*i - 34201. What is the hundreds digit of i?
4
Suppose 4*a + 2*k - 15164 - 11206 = 0, 3*a = -5*k + 19760. What is the thousands d